{"id":272,"date":"2024-03-18T23:05:26","date_gmt":"2024-03-18T22:05:26","guid":{"rendered":"http:\/\/www.centergroup.it\/?page_id=272"},"modified":"2024-08-01T12:33:56","modified_gmt":"2024-08-01T10:33:56","slug":"97-2-4","status":"publish","type":"page","link":"http:\/\/www.centergroup.it\/?page_id=272","title":{"rendered":"Manutenzione e supporto sistemistico"},"content":{"rendered":"<div id=\"dslc-theme-content\"><div id=\"dslc-theme-content-inner\">\n<div class=\"wp-block-group alignfull\"><div class=\"wp-block-group__inner-container is-layout-constrained wp-block-group-is-layout-constrained\">\n<div class=\"wp-block-group alignfull is-content-justification-space-between is-layout-flex wp-block-group-is-layout-flex\" style=\"padding-top:var(--wp--preset--spacing--30);padding-right:var(--wp--preset--spacing--30);padding-bottom:var(--wp--preset--spacing--30);padding-left:var(--wp--preset--spacing--30)\">\n<div class=\"wp-block-group is-layout-flex wp-block-group-is-layout-flex\"><div class=\"is-default-size wp-block-site-logo\"><a href=\"http:\/\/www.centergroup.it\/\" title=\"CENTER GROUP SRL - Ready for future\" rel=\"home\" itemprop=\"url\"><\/a><\/div>\n\n\n<div class=\"wp-block-group is-vertical is-layout-flex wp-block-group-is-layout-flex\"><h1 class=\"has-link-color wp-elements-f7ec64f471b5bfcc0be230aa4daa838e wp-block-site-title has-medium-font-size\"><a href=\"http:\/\/www.centergroup.it\" target=\"_self\" rel=\"home\">CENTER GROUP SRL<\/a><\/h1><\/div>\n<\/div>\n\n\n<nav class=\"is-responsive items-justified-right wp-block-navigation is-content-justification-right is-layout-flex wp-block-navigation-is-layout-flex\" aria-label=\"Navigazione\" \n\t\t data-wp-interactive=\"core\/navigation\" data-wp-context='{\"overlayOpenedBy\":{\"click\":false,\"hover\":false,\"focus\":false},\"type\":\"overlay\",\"roleAttribute\":\"\",\"ariaLabel\":\"Menu\"}'><button aria-haspopup=\"dialog\" aria-label=\"Apri menu\" class=\"wp-block-navigation__responsive-container-open \" \n\t\t\t\tdata-wp-on-async--click=\"actions.openMenuOnClick\"\n\t\t\t\tdata-wp-on--keydown=\"actions.handleMenuKeydown\"\n\t\t\t><svg width=\"24\" height=\"24\" xmlns=\"http:\/\/www.w3.org\/2000\/svg\" viewBox=\"0 0 24 24\" aria-hidden=\"true\" focusable=\"false\"><rect x=\"4\" y=\"7.5\" width=\"16\" height=\"1.5\" \/><rect x=\"4\" y=\"15\" width=\"16\" height=\"1.5\" \/><\/svg><\/button>\n\t\t\t\t<div class=\"wp-block-navigation__responsive-container  \"  id=\"modal-1\" \n\t\t\t\tdata-wp-class--has-modal-open=\"state.isMenuOpen\"\n\t\t\t\tdata-wp-class--is-menu-open=\"state.isMenuOpen\"\n\t\t\t\tdata-wp-watch=\"callbacks.initMenu\"\n\t\t\t\tdata-wp-on--keydown=\"actions.handleMenuKeydown\"\n\t\t\t\tdata-wp-on-async--focusout=\"actions.handleMenuFocusout\"\n\t\t\t\ttabindex=\"-1\"\n\t\t\t>\n\t\t\t\t\t<div class=\"wp-block-navigation__responsive-close\" tabindex=\"-1\">\n\t\t\t\t\t\t<div class=\"wp-block-navigation__responsive-dialog\" \n\t\t\t\tdata-wp-bind--aria-modal=\"state.ariaModal\"\n\t\t\t\tdata-wp-bind--aria-label=\"state.ariaLabel\"\n\t\t\t\tdata-wp-bind--role=\"state.roleAttribute\"\n\t\t\t>\n\t\t\t\t\t\t\t<button aria-label=\"Chiudi menu\" class=\"wp-block-navigation__responsive-container-close\" \n\t\t\t\tdata-wp-on-async--click=\"actions.closeMenuOnClick\"\n\t\t\t><svg xmlns=\"http:\/\/www.w3.org\/2000\/svg\" viewBox=\"0 0 24 24\" width=\"24\" height=\"24\" aria-hidden=\"true\" focusable=\"false\"><path d=\"m13.06 12 6.47-6.47-1.06-1.06L12 10.94 5.53 4.47 4.47 5.53 10.94 12l-6.47 6.47 1.06 1.06L12 13.06l6.47 6.47 1.06-1.06L13.06 12Z\"><\/path><\/svg><\/button>\n\t\t\t\t\t\t\t<div class=\"wp-block-navigation__responsive-container-content\" \n\t\t\t\tdata-wp-watch=\"callbacks.focusFirstElement\"\n\t\t\t id=\"modal-1-content\">\n\t\t\t\t\t\t\t\t<ul class=\"wp-block-navigation__container is-responsive items-justified-right wp-block-navigation\"><ul class=\"wp-block-page-list\"><li class=\"wp-block-pages-list__item wp-block-navigation-item open-on-hover-click menu-item-home\"><a class=\"wp-block-pages-list__item__link wp-block-navigation-item__content\" href=\"http:\/\/www.centergroup.it\/?page_id=165\">Chi siamo<\/a><\/li><li class=\"wp-block-pages-list__item wp-block-navigation-item open-on-hover-click\"><a class=\"wp-block-pages-list__item__link wp-block-navigation-item__content\" href=\"http:\/\/www.centergroup.it\/?page_id=76\">h<\/a><\/li><li class=\"wp-block-pages-list__item wp-block-navigation-item open-on-hover-click\"><a class=\"wp-block-pages-list__item__link wp-block-navigation-item__content\" href=\"http:\/\/www.centergroup.it\/?page_id=348\">JS Help Desk<\/a><\/li><li class=\"wp-block-pages-list__item wp-block-navigation-item open-on-hover-click\"><a class=\"wp-block-pages-list__item__link wp-block-navigation-item__content\" href=\"http:\/\/www.centergroup.it\/?page_id=272\">Manutenzione e supporto sistemistico<\/a><\/li><li class=\"wp-block-pages-list__item wp-block-navigation-item open-on-hover-click\"><a class=\"wp-block-pages-list__item__link wp-block-navigation-item__content\" href=\"http:\/\/www.centergroup.it\/?page_id=175\">Profilo aziendale<\/a><\/li><li class=\"wp-block-pages-list__item wp-block-navigation-item open-on-hover-click\"><a class=\"wp-block-pages-list__item__link wp-block-navigation-item__content\" href=\"http:\/\/www.centergroup.it\/?page_id=406\">Programmazione PLC<\/a><\/li><li class=\"wp-block-pages-list__item wp-block-navigation-item open-on-hover-click\"><a class=\"wp-block-pages-list__item__link wp-block-navigation-item__content\" href=\"http:\/\/www.centergroup.it\/?page_id=14\">PROVA<\/a><\/li><li class=\"wp-block-pages-list__item wp-block-navigation-item open-on-hover-click\"><a class=\"wp-block-pages-list__item__link wp-block-navigation-item__content\" href=\"http:\/\/www.centergroup.it\/?page_id=515\">Servizi REAL DATA per DR e backup remoto per AS\/400<\/a><\/li><li class=\"wp-block-pages-list__item wp-block-navigation-item open-on-hover-click\"><a class=\"wp-block-pages-list__item__link wp-block-navigation-item__content\" href=\"http:\/\/www.centergroup.it\/?page_id=97\">Soluzioni di Cybersecurity<\/a><\/li><li class=\"wp-block-pages-list__item wp-block-navigation-item open-on-hover-click\"><a class=\"wp-block-pages-list__item__link wp-block-navigation-item__content\" href=\"http:\/\/www.centergroup.it\/?page_id=212\">Sviluppo software<\/a><\/li><li class=\"wp-block-pages-list__item wp-block-navigation-item open-on-hover-click\"><a class=\"wp-block-pages-list__item__link wp-block-navigation-item__content\" href=\"http:\/\/www.centergroup.it\/?page_id=318\">Telefonia VOIP e Unified Communication<\/a><\/li><li class=\"wp-block-pages-list__item wp-block-navigation-item open-on-hover-click\"><a class=\"wp-block-pages-list__item__link wp-block-navigation-item__content\" href=\"http:\/\/www.centergroup.it\/?page_id=328\">Videosorveglianza IP<\/a><\/li><\/ul><\/ul>\n\t\t\t\t\t\t\t<\/div>\n\t\t\t\t\t\t<\/div>\n\t\t\t\t\t<\/div>\n\t\t\t\t<\/div><\/nav><\/div>\n\n\n\n<div class=\"wp-block-cover alignfull is-light\" style=\"margin-top:0;min-height:374px\"><span aria-hidden=\"true\" class=\"wp-block-cover__background has-black-background-color has-background-dim-0 has-background-dim\"><\/span><img fetchpriority=\"high\" decoding=\"async\" width=\"1920\" height=\"1024\" class=\"wp-block-cover__image-background wp-image-279\" alt=\"\" src=\"http:\/\/www.centergroup.it\/wp-content\/uploads\/2024\/03\/R.png\" data-object-fit=\"cover\" srcset=\"http:\/\/www.centergroup.it\/wp-content\/uploads\/2024\/03\/R.png 1920w, http:\/\/www.centergroup.it\/wp-content\/uploads\/2024\/03\/R-300x160.png 300w, http:\/\/www.centergroup.it\/wp-content\/uploads\/2024\/03\/R-1024x546.png 1024w, http:\/\/www.centergroup.it\/wp-content\/uploads\/2024\/03\/R-768x410.png 768w, http:\/\/www.centergroup.it\/wp-content\/uploads\/2024\/03\/R-1536x819.png 1536w\" sizes=\"(max-width: 1920px) 100vw, 1920px\" \/><div class=\"wp-block-cover__inner-container is-layout-flow wp-block-cover-is-layout-flow\">\n<div style=\"height:50px\" aria-hidden=\"true\" class=\"wp-block-spacer\"><\/div>\n<\/div><\/div>\n<\/div><\/div>\n\n\n\n<div class=\"wp-block-columns alignfull is-layout-flex wp-block-columns-is-layout-flex\" style=\"margin-bottom:0\">\n<div class=\"wp-block-column has-white-background-color has-text-color has-background has-link-color wp-elements-da190c52420b4c9e5cfd14b946479c28 is-layout-flow wp-block-column-is-layout-flow\" style=\"color:#000000;padding-top:2em;padding-right:2em;padding-bottom:2em;padding-left:2em\">\n<h2 class=\"wp-block-heading has-vivid-cyan-blue-color has-text-color has-link-color wp-elements-0da533341b22808d52a63a73cf4924da\" id=\"single\" style=\"font-size:40px\">Assitenza informatica<\/h2>\n\n\n\n<p class=\"has-medium-font-size\" style=\"line-height:1.5\"><strong>Arricchisci la nostra comunit\u00e0 in crescita.<\/strong><\/p>\n\n\n\n<p>CENTER GROUP SRL offre un\u2019ampia gamma di servizi di assistenza: i nostri tecnici sono a disposizione nelle fasi di valutazione e dimensionamento dell\u2019hardware da adottare, nelle fasi di l\u2019analisi e definizione del piano di installazione, per offrire assistenza per la messa a regime e l\u2019ottimizzazione del Sistema.<\/p>\n\n\n\n<p>In fase di avvio del sistema, i nostri consulenti affiancano i clienti durante tutte le fasi di installazione: una volta scelto e configurato il sistema sulle richieste specifiche, i tecnici intervengono presso la sede del cliente e seguono direttamente le operazioni di installazione nel Rack, per garantire il cablaggio del sistema, l\u2019installazione del sistema operativo e la massima interoperabilit\u00e0 tra gli applicativi proposti ed altri sottosistemi aziendali.<\/p>\n\n\n\n<div class=\"wp-block-buttons alignfull is-horizontal is-content-justification-center is-layout-flex wp-block-buttons-is-layout-flex\">\n<div class=\"wp-block-button has-custom-width wp-block-button__width-100\"><a class=\"wp-block-button__link has-white-color has-cyan-bluish-gray-background-color has-text-color has-background no-border-radius wp-element-button\">Pacchetti di servizio con conto a scalare<\/a><\/div>\n<\/div>\n<\/div>\n\n\n\n<div class=\"wp-block-column has-white-background-color has-text-color has-background has-link-color wp-elements-a8fb6782ebbb63feb3a62de767924e5d is-layout-flow wp-block-column-is-layout-flow\" style=\"color:#000000;padding-top:2em;padding-right:2em;padding-bottom:2em;padding-left:2em\">\n<h2 class=\"wp-block-heading has-light-green-cyan-color has-text-color has-link-color wp-elements-dff41572b34a4f95f00bae4d1b6d9235\" id=\"family\" style=\"font-size:40px\">Supporto sistemistico<\/h2>\n\n\n\n<p class=\"has-medium-font-size\" style=\"line-height:1.5\"><strong>Compiti ed aree di intervento<\/strong><\/p>\n\n\n\n<hr class=\"wp-block-separator has-css-opacity is-style-wide\"\/>\n\n\n\n<figure class=\"wp-block-image size-large\"><img decoding=\"async\" width=\"1024\" height=\"1024\" src=\"http:\/\/www.centergroup.it\/wp-content\/uploads\/2024\/03\/Networking-Cybersecurity-1024x1024.jpg\" alt=\"\" class=\"wp-image-289\" srcset=\"http:\/\/www.centergroup.it\/wp-content\/uploads\/2024\/03\/Networking-Cybersecurity-1024x1024.jpg 1024w, http:\/\/www.centergroup.it\/wp-content\/uploads\/2024\/03\/Networking-Cybersecurity-300x300.jpg 300w, http:\/\/www.centergroup.it\/wp-content\/uploads\/2024\/03\/Networking-Cybersecurity-150x150.jpg 150w, http:\/\/www.centergroup.it\/wp-content\/uploads\/2024\/03\/Networking-Cybersecurity-768x767.jpg 768w, http:\/\/www.centergroup.it\/wp-content\/uploads\/2024\/03\/Networking-Cybersecurity.jpg 1270w\" sizes=\"(max-width: 1024px) 100vw, 1024px\" \/><\/figure>\n\n\n\n<p class=\"has-black-color has-text-color has-link-color wp-elements-4fc4628aaf57dcde3db2c187ae33c46f\"><strong>Gestire sistemi Windows, Linux o Mac<\/strong><\/p>\n\n\n\n<p>Aggiornare, installare e configurare software applicativi e hardware informaticiRisolvere problemi e fornire supporto tecnico agli utenti<\/p>\n\n\n\n<p>Creare e gestire autorizzazioni di sistema e account utente<\/p>\n\n\n\n<p>Effettuare test di sicurezza regolari e monitoraggio della sicurezza<\/p>\n\n\n\n<figure class=\"wp-block-image size-full\"><img decoding=\"async\" width=\"312\" height=\"180\" src=\"http:\/\/www.centergroup.it\/wp-content\/uploads\/2024\/03\/OIP-6.jpeg\" alt=\"\" class=\"wp-image-291\" srcset=\"http:\/\/www.centergroup.it\/wp-content\/uploads\/2024\/03\/OIP-6.jpeg 312w, http:\/\/www.centergroup.it\/wp-content\/uploads\/2024\/03\/OIP-6-300x173.jpeg 300w\" sizes=\"(max-width: 312px) 100vw, 312px\" \/><\/figure>\n\n\n\n<p class=\"has-black-color has-text-color has-link-color wp-elements-eb5ffbda49a267201e7c5da901f92cfe\"><strong>Mantenere reti e sistemi di file di rete<\/strong><\/p>\n\n\n\n<p>Ripristino del sistema operativo e delle funzionalit\u00e0 di base dei server<br>rimozione di virus e malware<br>recupero dati e singoli file<br>riconfigurazione delle periferiche<br>ripristino delle prestazioni di rete o delle singole postazioni di lavoro<br>risoluzione di generici messaggi di errore o di instabilit\u00e0 del sistema operativo<\/p>\n\n\n\n<div class=\"wp-block-buttons alignfull is-horizontal is-content-justification-center is-layout-flex wp-block-buttons-is-layout-flex\">\n<div class=\"wp-block-button has-custom-width wp-block-button__width-100 is-style-fill\"><a class=\"wp-block-button__link has-black-color has-light-green-cyan-background-color has-text-color has-background no-border-radius wp-element-button\">Contattaci per la soluzione adatta!<\/a><\/div>\n<\/div>\n<\/div>\n\n\n\n<div class=\"wp-block-column has-white-background-color has-text-color has-background has-link-color wp-elements-93f495bf3b0c44a94c1fbc312b7d115f is-layout-flow wp-block-column-is-layout-flow\" style=\"color:#000000;padding-top:2em;padding-right:2em;padding-bottom:2em;padding-left:2em\">\n<h2 class=\"wp-block-heading has-luminous-vivid-amber-color has-text-color has-link-color wp-elements-cbd07581ac2f0922ab8d6ad6573771ad\" id=\"patron\" style=\"font-size:40px\">Monitoraggio hardware e troubleshooting<\/h2>\n\n\n\n<p class=\"has-medium-font-size\"><strong>Rilevazione e prevenzione malfunzionamenti<\/strong><\/p>\n\n\n\n<hr class=\"wp-block-separator has-css-opacity is-style-wide\"\/>\n\n\n\n<figure class=\"wp-block-image size-full\"><img loading=\"lazy\" decoding=\"async\" width=\"474\" height=\"338\" src=\"http:\/\/www.centergroup.it\/wp-content\/uploads\/2024\/03\/OIP-5.jpeg\" alt=\"\" class=\"wp-image-287\" srcset=\"http:\/\/www.centergroup.it\/wp-content\/uploads\/2024\/03\/OIP-5.jpeg 474w, http:\/\/www.centergroup.it\/wp-content\/uploads\/2024\/03\/OIP-5-300x214.jpeg 300w\" sizes=\"(max-width: 474px) 100vw, 474px\" \/><\/figure>\n\n\n\n<p class=\"has-small-font-size\">Le attivit\u00e0 di&nbsp;<strong>monitoraggio hardware quotidiano<\/strong>&nbsp;offerte da  sono:&nbsp;<br>esisto giornaliero del backup<br>gestione del software antivirus e verifica aggiornamento<br>monitoraggio e gestione firewall<br>stato delle principali componenti hardware<br><\/p>\n\n\n\n<p class=\"has-small-font-size\">LMonitoraggio Hardware e Prevenzione Problemi<\/p>\n\n\n\n<div class=\"wp-block-buttons alignfull is-horizontal is-content-justification-center is-layout-flex wp-block-buttons-is-layout-flex\">\n<div class=\"wp-block-button has-custom-width wp-block-button__width-100\"><a class=\"wp-block-button__link has-white-color has-luminous-vivid-amber-background-color has-text-color has-background no-border-radius wp-element-button\">Affitati ad un team qualificato<\/a><\/div>\n<\/div>\n<\/div>\n\n\n\n<div class=\"wp-block-column has-white-background-color has-text-color has-background has-link-color wp-elements-6c02bc611621a17462e9b33b0ce17a16 is-layout-flow wp-block-column-is-layout-flow\" style=\"color:#000000;padding-top:2em;padding-right:2em;padding-bottom:2em;padding-left:2em\">\n<h2 class=\"wp-block-heading has-luminous-vivid-amber-color has-text-color has-link-color wp-elements-3c75d46e84b106b9d04b61da3f11bca0\" id=\"patron\" style=\"font-size:40px\">XCG-back<\/h2>\n\n\n\n<p class=\"has-medium-font-size\"><strong>Disaster recovery e backup off-site<\/strong><\/p>\n\n\n\n<hr class=\"wp-block-separator has-css-opacity is-style-wide\"\/>\n\n\n\n<p class=\"has-medium-font-size\">I vantaggi di un piano di Backup e Disaster Recovery<\/p>\n\n\n\n<p class=\"has-small-font-size\"><strong>Rapido Ripristino<\/strong>:<\/p>\n\n\n\n<p class=\"has-small-font-size\">Un buon piano di ripristino in caso di disastro dovrebbe consentire un rapido recupero dalle interruzioni, indipendentemente dalla causa delle stesse.&nbsp;Ci\u00f2 riduce al minimo l\u2019impatto negativo sull\u2019azienda, poich\u00e9 pi\u00f9 lungo \u00e8 il tempo di recupero, maggiore \u00e8 l\u2019impatto finanziario e sulla reputazione.<\/p>\n\n\n\n<p class=\"has-small-font-size\"><strong>Vantaggio Competitivo<\/strong>:<\/p>\n\n\n\n<p class=\"has-small-font-size\">Le organizzazioni con un piano di ripristino in caso di disastro hanno un vantaggio competitivo rispetto a quelle che non ne hanno uno.&nbsp;In caso di catastrofe di origine naturale o crisi di altro tipo, le aziende senza un piano dovrebbero arrestare l\u2019operativit\u00e0, mentre quelle con un DRP possono continuare a operare con minori interruzioni.<\/p>\n\n\n\n<p class=\"has-text-align-left has-small-font-size\"><strong>Preservazione dei Dati Sensibili<\/strong><\/p>\n\n\n\n<p class=\"has-text-align-left has-small-font-size\">Grazie alle misure di backup e ripristino previste dal piano, si garantisce la conservazione e la disponibilit\u00e0 dei dati critici in caso di perdita<\/p>\n\n\n\n<p><\/p>\n\n\n\n<div class=\"wp-block-buttons alignfull is-horizontal is-content-justification-center is-layout-flex wp-block-buttons-is-layout-flex\">\n<div class=\"wp-block-button has-custom-width wp-block-button__width-100\"><a class=\"wp-block-button__link has-black-color has-luminous-vivid-amber-background-color has-text-color has-background no-border-radius wp-element-button\">Contattaci per il tuo piano di disaster recovery!<\/a><\/div>\n<\/div>\n<\/div>\n<\/div>\n\n\n<p style=\"text-align: center;\"><strong>I PARTNER TECHNOLOGICI\u00a0<\/strong><\/p>\n\n\n<div class=\"wp-block-columns has-white-background-color has-background is-layout-flex wp-block-columns-is-layout-flex\">\n<div class=\"wp-block-column is-layout-flow wp-block-column-is-layout-flow\">\n<figure class=\"wp-block-image size-full is-resized\"><img loading=\"lazy\" decoding=\"async\" width=\"474\" height=\"296\" src=\"http:\/\/www.centergroup.it\/wp-content\/uploads\/2024\/03\/OIP-7.jpeg\" alt=\"\" class=\"wp-image-313\" style=\"width:162px;height:auto\" srcset=\"http:\/\/www.centergroup.it\/wp-content\/uploads\/2024\/03\/OIP-7.jpeg 474w, http:\/\/www.centergroup.it\/wp-content\/uploads\/2024\/03\/OIP-7-300x187.jpeg 300w\" sizes=\"(max-width: 474px) 100vw, 474px\" \/><\/figure>\n<\/div>\n\n\n\n<div class=\"wp-block-column is-layout-flow wp-block-column-is-layout-flow\"><div class=\"wp-block-image\">\n<figure class=\"aligncenter size-full is-resized\"><img loading=\"lazy\" decoding=\"async\" width=\"108\" height=\"43\" src=\"http:\/\/www.centergroup.it\/wp-content\/uploads\/2024\/03\/Immagine.png\" alt=\"\" class=\"wp-image-304\" style=\"width:117px;height:auto\"\/><\/figure><\/div><\/div>\n\n\n\n<div class=\"wp-block-column is-layout-flow wp-block-column-is-layout-flow\"><div class=\"wp-block-image\">\n<figure class=\"alignright size-full is-resized\"><img loading=\"lazy\" decoding=\"async\" width=\"340\" height=\"61\" src=\"http:\/\/www.centergroup.it\/wp-content\/uploads\/2024\/03\/OIP-3.jpeg\" alt=\"\" class=\"wp-image-117\" style=\"width:195px;height:auto\" srcset=\"http:\/\/www.centergroup.it\/wp-content\/uploads\/2024\/03\/OIP-3.jpeg 340w, http:\/\/www.centergroup.it\/wp-content\/uploads\/2024\/03\/OIP-3-300x54.jpeg 300w\" sizes=\"(max-width: 340px) 100vw, 340px\" \/><\/figure><\/div><\/div>\n\n\n\n<div class=\"wp-block-column is-layout-flow wp-block-column-is-layout-flow\">\n<figure class=\"wp-block-image size-full\"><img loading=\"lazy\" decoding=\"async\" width=\"274\" height=\"71\" src=\"http:\/\/www.centergroup.it\/wp-content\/uploads\/2024\/03\/OIP-1-2.jpeg\" alt=\"\" class=\"wp-image-294\"\/><\/figure>\n<\/div>\n\n\n\n<div class=\"wp-block-column is-layout-flow wp-block-column-is-layout-flow\"><div class=\"wp-block-image\">\n<figure class=\"aligncenter size-full is-resized\"><img loading=\"lazy\" decoding=\"async\" width=\"309\" height=\"73\" src=\"http:\/\/www.centergroup.it\/wp-content\/uploads\/2024\/03\/OIP-2-2.jpeg\" alt=\"\" class=\"wp-image-297\" style=\"width:157px;height:auto\" srcset=\"http:\/\/www.centergroup.it\/wp-content\/uploads\/2024\/03\/OIP-2-2.jpeg 309w, http:\/\/www.centergroup.it\/wp-content\/uploads\/2024\/03\/OIP-2-2-300x71.jpeg 300w\" sizes=\"(max-width: 309px) 100vw, 309px\" \/><\/figure><\/div><\/div>\n\n\n\n<div class=\"wp-block-column is-layout-flow wp-block-column-is-layout-flow\"><div class=\"wp-block-image\">\n<figure class=\"aligncenter size-full is-resized\"><img loading=\"lazy\" decoding=\"async\" width=\"312\" height=\"133\" src=\"http:\/\/www.centergroup.it\/wp-content\/uploads\/2024\/03\/OIP-3-2.jpeg\" alt=\"\" class=\"wp-image-299\" style=\"width:106px;height:auto\" srcset=\"http:\/\/www.centergroup.it\/wp-content\/uploads\/2024\/03\/OIP-3-2.jpeg 312w, http:\/\/www.centergroup.it\/wp-content\/uploads\/2024\/03\/OIP-3-2-300x128.jpeg 300w\" sizes=\"(max-width: 312px) 100vw, 312px\" \/><\/figure><\/div><\/div>\n<\/div>\n\n\n\n<hr class=\"wp-block-separator has-css-opacity is-style-default\"\/>\n\n\n\n<div class=\"wp-block-group alignfull has-white-background-color has-text-color has-background\" style=\"color:#000000\"><div class=\"wp-block-group__inner-container is-layout-flow wp-block-group-is-layout-flow\"><\/div><\/div>\n\n\n\n<blockquote class=\"wp-block-quote has-text-align-center is-style-large has-white-background-color has-background is-layout-flow wp-block-quote-is-layout-flow\">\n<p class=\"has-black-color has-white-background-color has-text-color has-background has-link-color has-medium-font-size wp-elements-4c1c2632797a7fed909c3b0472e8ecb2\"><strong> E&#8217; necessario avere un approccio pragmatico per una corretta valutazione del rischio informatico<\/strong> <\/p>\n<cite>\u2014 Amedeo Fiore, CEO Center Group<\/cite><\/blockquote>\n\n\n\n<p><\/p>\n\n\n\n<p class=\"has-text-align-center has-large-font-size\"><\/p>\n<\/div><\/div>","protected":false},"excerpt":{"rendered":"<p>Assitenza informatica Arricchisci la nostra comunit\u00e0 in crescita. CENTER GROUP SRL offre un\u2019ampia gamma di servizi di assistenza: i nostri tecnici sono a disposizione nelle fasi di valutazione e dimensionamento dell\u2019hardware da adottare, nelle fasi di l\u2019analisi e definizione del piano di installazione, per offrire assistenza per la messa a regime e l\u2019ottimizzazione del Sistema. <a class=\"read-more\" href=\"http:\/\/www.centergroup.it\/?page_id=272\">LEGGI TUTTO<\/a><\/p>\n","protected":false},"author":1,"featured_media":0,"parent":0,"menu_order":0,"comment_status":"closed","ping_status":"closed","template":"template-full-width.php","meta":{"footnotes":""},"class_list":["post-272","page","type-page","status-publish","hentry"],"_links":{"self":[{"href":"http:\/\/www.centergroup.it\/index.php?rest_route=\/wp\/v2\/pages\/272","targetHints":{"allow":["GET"]}}],"collection":[{"href":"http:\/\/www.centergroup.it\/index.php?rest_route=\/wp\/v2\/pages"}],"about":[{"href":"http:\/\/www.centergroup.it\/index.php?rest_route=\/wp\/v2\/types\/page"}],"author":[{"embeddable":true,"href":"http:\/\/www.centergroup.it\/index.php?rest_route=\/wp\/v2\/users\/1"}],"replies":[{"embeddable":true,"href":"http:\/\/www.centergroup.it\/index.php?rest_route=%2Fwp%2Fv2%2Fcomments&post=272"}],"version-history":[{"count":15,"href":"http:\/\/www.centergroup.it\/index.php?rest_route=\/wp\/v2\/pages\/272\/revisions"}],"predecessor-version":[{"id":504,"href":"http:\/\/www.centergroup.it\/index.php?rest_route=\/wp\/v2\/pages\/272\/revisions\/504"}],"wp:attachment":[{"href":"http:\/\/www.centergroup.it\/index.php?rest_route=%2Fwp%2Fv2%2Fmedia&parent=272"}],"curies":[{"name":"wp","href":"https:\/\/api.w.org\/{rel}","templated":true}]}}